{"id":96,"date":"2015-07-12T08:42:29","date_gmt":"2015-07-12T07:42:29","guid":{"rendered":"http:\/\/www.ortho-info.com\/?page_id=96"},"modified":"2023-04-23T15:04:35","modified_gmt":"2023-04-23T14:04:35","slug":"dr-daniel-hartmann","status":"publish","type":"page","link":"https:\/\/www.ortho-info.com\/?page_id=96","title":{"rendered":"Dr Daniel HARTMANN"},"content":{"rendered":"<ul>\n<li>Docteur en M\u00e9decine- Chirurgien Orthop\u00e9diste et Traumatologue\n<p><figure id=\"attachment_831\" aria-describedby=\"caption-attachment-831\" style=\"width: 190px\" class=\"wp-caption alignright\"><a href=\"https:\/\/www.ortho-info.com\/wp-content\/uploads\/2015\/10\/DANIEL-photomaton-big.png\"><img loading=\"lazy\" decoding=\"async\" class=\"Dr Daniel HARTMANN, chirurgien sp\u00e9cialiset de la hanche, du genou et du pied wp-image-831\" title=\"Dr Daniel HARTMANN, chirurgien sp\u00e9cialiset de la hanche, du genou et du pied\" src=\"https:\/\/www.ortho-info.com\/wp-content\/uploads\/2015\/10\/DANIEL-photomaton-big.png\" alt=\"\" width=\"200\" height=\"267\" srcset=\"https:\/\/www.ortho-info.com\/wp-content\/uploads\/2015\/10\/DANIEL-photomaton-big.png 1045w, https:\/\/www.ortho-info.com\/wp-content\/uploads\/2015\/10\/DANIEL-photomaton-big-225x300.png 225w, https:\/\/www.ortho-info.com\/wp-content\/uploads\/2015\/10\/DANIEL-photomaton-big-768x1024.png 768w\" sizes=\"auto, (max-width: 200px) 100vw, 200px\" \/><\/a><figcaption id=\"caption-attachment-831\" class=\"wp-caption-text\">Docteur Daniel HARTMANN<\/figcaption><\/figure><\/li>\n<li>DESC en chirurgie orthop\u00e9dique et traumatologique<\/li>\n<li>Membre de la Soci\u00e9t\u00e9 Fran\u00e7aise de Chirurgie de la Main (GEM)<\/li>\n<li>membre du Groupe de Recherche et d&rsquo;Etude en Chirurgie Mini-invasive du Pied (GRECMIP)<\/li>\n<li>Droit au titre de chirurgien de la main<\/li>\n<li>Dipl\u00f4me Inter Universitaire de pathologie chirurgicale de la main<\/li>\n<li>Dipl\u00f4me Inter Universitaire de techniques microchirurgicales<\/li>\n<li>Assistant des H\u00f4pitaux Universitaires de Rennes<\/li>\n<li>Ancien Chef de Clinique \u00e0 la Facult\u00e9 de M\u00e9decine de Rennes et Fort de France<\/li>\n<li>Ancien Interne des H\u00f4pitaux de Strasbourg et Besancon<\/li>\n<li>Ancien Externe des H\u00f4pitaux de Strasbourg<\/li>\n<li>Ma\u00eetrise en Sciences Biologiques Et M\u00e9dicales (MSBM)<\/li>\n<\/ul>\n<p style=\"text-align: center;\">Prenez rendez-vous par t\u00e9l\u00e9phone :<br \/>\n<strong>04 90 51 31 46<\/strong><br \/>\nCabinet \u00e0 Orange :<br \/>\n259, route du parc<br \/>\nNouvelle Clinique d&rsquo;ORANGE (ancienne Clinique du Parc)<br \/>\n84100 ORANGE<\/p>\n","protected":false},"excerpt":{"rendered":"<p>Docteur en M\u00e9decine- Chirurgien Orthop\u00e9diste et Traumatologue DESC en chirurgie orthop\u00e9dique et traumatologique Membre de la Soci\u00e9t\u00e9 Fran\u00e7aise de Chirurgie de la Main (GEM) membre du Groupe de Recherche et d&rsquo;Etude en Chirurgie Mini-invasive du Pied (GRECMIP) Droit au titre de chirurgien de la main Dipl\u00f4me Inter Universitaire de pathologie chirurgicale de la main Dipl\u00f4me &#8230; <a title=\"Dr Daniel HARTMANN\" class=\"read-more\" href=\"https:\/\/www.ortho-info.com\/?page_id=96\" aria-label=\"En savoir plus sur Dr Daniel HARTMANN\">Lire la suite<\/a><\/p>\n","protected":false},"author":1,"featured_media":0,"parent":486,"menu_order":0,"comment_status":"closed","ping_status":"open","template":"","meta":{"footnotes":""},"class_list":["post-96","page","type-page","status-publish"],"_links":{"self":[{"href":"https:\/\/www.ortho-info.com\/index.php?rest_route=\/wp\/v2\/pages\/96","targetHints":{"allow":["GET"]}}],"collection":[{"href":"https:\/\/www.ortho-info.com\/index.php?rest_route=\/wp\/v2\/pages"}],"about":[{"href":"https:\/\/www.ortho-info.com\/index.php?rest_route=\/wp\/v2\/types\/page"}],"author":[{"embeddable":true,"href":"https:\/\/www.ortho-info.com\/index.php?rest_route=\/wp\/v2\/users\/1"}],"replies":[{"embeddable":true,"href":"https:\/\/www.ortho-info.com\/index.php?rest_route=%2Fwp%2Fv2%2Fcomments&post=96"}],"version-history":[{"count":16,"href":"https:\/\/www.ortho-info.com\/index.php?rest_route=\/wp\/v2\/pages\/96\/revisions"}],"predecessor-version":[{"id":1464,"href":"https:\/\/www.ortho-info.com\/index.php?rest_route=\/wp\/v2\/pages\/96\/revisions\/1464"}],"up":[{"embeddable":true,"href":"https:\/\/www.ortho-info.com\/index.php?rest_route=\/wp\/v2\/pages\/486"}],"wp:attachment":[{"href":"https:\/\/www.ortho-info.com\/index.php?rest_route=%2Fwp%2Fv2%2Fmedia&parent=96"}],"curies":[{"name":"wp","href":"https:\/\/api.w.org\/{rel}","templated":true}]}}