{"id":284,"date":"2015-07-12T08:58:24","date_gmt":"2015-07-12T07:58:24","guid":{"rendered":"http:\/\/www.ortho-info.com\/?page_id=284"},"modified":"2023-05-03T08:52:51","modified_gmt":"2023-05-03T07:52:51","slug":"rhizarthrose","status":"publish","type":"page","link":"https:\/\/www.ortho-info.com\/?page_id=284","title":{"rendered":"arthrose du pouce"},"content":{"rendered":"\n<p>L&rsquo;arthrose du pouce, ou rhizarthrose, touche plut\u00f4t les femmes, apr\u00e8s 50 ans. Elle correspond \u00e0 une usure des surfaces de glissement cartilagineuses de la base du pouce, qui permettent les mouvements de rotation du pouce face aux autres doigts (on appelle cela l&rsquo;opposition du pouce) qui est une fonction motrice sp\u00e9cifique \u00e0 l&rsquo;esp\u00e8ce humaine (m\u00eame les singes n&rsquo;ont pas cette articulation).<\/p>\n\n\n\n<p>L&rsquo;\u00e9volution est lente, et les douleurs laissent peu \u00e0 peu la place \u00e0 l&rsquo;ankylose du pouce qui ne peut plus bouger normalement.<\/p>\n\n\n\n<p>La proth\u00e8se de pouce (proth\u00e8se trap\u00e9zo-m\u00e9tacarpienne) est tr\u00e8s peu connue du grand public, et m\u00eame des m\u00e9decins g\u00e9n\u00e9ralistes et rhumatologues.<\/p>\n\n\n\n<p>Elle existe pourtant depuis les ann\u00e9es 1970, et donne d&rsquo;excellents r\u00e9sultats avec une grande satisfaction des patients, et l&rsquo;intervention est bien standardis\u00e9e:<\/p>\n\n\n\n<ul class=\"wp-block-list\">\n<li>chirurgie ambulatoire dans tous les cas;<\/li>\n\n\n\n<li>aucun r\u00e9\u00e9ducation n&rsquo;est n\u00e9cessaire;<\/li>\n\n\n\n<li>arr\u00eat de travail de 45 \u00e0 90 jours suivant la profession exerc\u00e9e;<\/li>\n\n\n\n<li>reprise de tous les sports sans restriction;<\/li>\n\n\n\n<li>dans 95% des cas la proth\u00e8se est pos\u00e9e \u00e0 vie.<\/li>\n<\/ul>\n\n\n<p style=\"text-align: right;\"><em>Dr Jean-Louis MALLET<\/em><\/p>\n<p style=\"text-align: center;\">Prenez rendez-vous par t\u00e9l\u00e9phone :<br>\n<span style=\"color: #ff0000;\"><a href=\"tel:0490513146\"><strong>04 90 51 31 46<\/strong><\/a><\/span><br>\nconsultations \u00e0 Orange <br>et \u00e0 Bagnols-sur-C\u00e8ze<\/p>","protected":false},"excerpt":{"rendered":"<p>L&rsquo;arthrose du pouce, ou rhizarthrose, touche plut\u00f4t les femmes, apr\u00e8s 50 ans. Elle correspond \u00e0 une usure des surfaces de glissement cartilagineuses de la base du pouce, qui permettent les mouvements de rotation du pouce face aux autres doigts (on appelle cela l&rsquo;opposition du pouce) qui est une fonction motrice sp\u00e9cifique \u00e0 l&rsquo;esp\u00e8ce humaine (m\u00eame &#8230; <a title=\"arthrose du pouce\" class=\"read-more\" href=\"https:\/\/www.ortho-info.com\/?page_id=284\" aria-label=\"En savoir plus sur arthrose du pouce\">Lire la suite<\/a><\/p>\n","protected":false},"author":1,"featured_media":0,"parent":44,"menu_order":0,"comment_status":"closed","ping_status":"open","template":"","meta":{"footnotes":""},"class_list":["post-284","page","type-page","status-publish"],"_links":{"self":[{"href":"https:\/\/www.ortho-info.com\/index.php?rest_route=\/wp\/v2\/pages\/284","targetHints":{"allow":["GET"]}}],"collection":[{"href":"https:\/\/www.ortho-info.com\/index.php?rest_route=\/wp\/v2\/pages"}],"about":[{"href":"https:\/\/www.ortho-info.com\/index.php?rest_route=\/wp\/v2\/types\/page"}],"author":[{"embeddable":true,"href":"https:\/\/www.ortho-info.com\/index.php?rest_route=\/wp\/v2\/users\/1"}],"replies":[{"embeddable":true,"href":"https:\/\/www.ortho-info.com\/index.php?rest_route=%2Fwp%2Fv2%2Fcomments&post=284"}],"version-history":[{"count":16,"href":"https:\/\/www.ortho-info.com\/index.php?rest_route=\/wp\/v2\/pages\/284\/revisions"}],"predecessor-version":[{"id":1592,"href":"https:\/\/www.ortho-info.com\/index.php?rest_route=\/wp\/v2\/pages\/284\/revisions\/1592"}],"up":[{"embeddable":true,"href":"https:\/\/www.ortho-info.com\/index.php?rest_route=\/wp\/v2\/pages\/44"}],"wp:attachment":[{"href":"https:\/\/www.ortho-info.com\/index.php?rest_route=%2Fwp%2Fv2%2Fmedia&parent=284"}],"curies":[{"name":"wp","href":"https:\/\/api.w.org\/{rel}","templated":true}]}}