{"id":221,"date":"2015-07-12T08:48:50","date_gmt":"2015-07-12T07:48:50","guid":{"rendered":"http:\/\/www.ortho-info.com\/?page_id=221"},"modified":"2023-01-23T10:34:19","modified_gmt":"2023-01-23T09:34:19","slug":"rupture-de-coiffe-2","status":"publish","type":"page","link":"https:\/\/www.ortho-info.com\/?page_id=221","title":{"rendered":"rupture de coiffe"},"content":{"rendered":"<div id=\"casemenu\"><!--?php include 'menuderoulant.html';?--><\/div>\n<div id=\"contenu\">\n<h2>Qu&rsquo;est ce que la rupture de coiffe des rotateurs ?<\/h2>\n<p style=\"text-align: center;\">\n<p style=\"text-align: justify;\">Chacun des tendons de la coiffe (dans 70% des cas le sus \u00e9pineux), peut pr\u00e9senter des signes d&rsquo;usure (par frottement contre l&rsquo;acromion), suite \u00e0 des mouvements r\u00e9p\u00e9t\u00e9s (sportifs, loisirs, professionnels).<br \/>\nA l&rsquo;extr\u00eame, cette usure aboutit \u00e0 une rupture de coiffe, c&rsquo;est \u00e0 dire une d\u00e9sinsertion du tendon normalement accroch\u00e9 sur l&rsquo;hum\u00e9rus. Cette usure est \u00e9volutive, et la taille de la d\u00e9chirure, comparable \u00e0 un accroc sur du tissu, s&rsquo;agrandit au fil du temps. Un traumatisme peut bien entendu finir de rompre un tendon pr\u00e9alablement tr\u00e8s us\u00e9.<\/p>\n<p style=\"text-align: justify;\"><a href=\"https:\/\/www.ortho-info.com\/wp-content\/uploads\/2015\/07\/dechirure_du_sus_epineux1.png\"><img loading=\"lazy\" decoding=\"async\" class=\"size-full wp-image-559 alignleft\" src=\"https:\/\/www.ortho-info.com\/wp-content\/uploads\/2015\/07\/dechirure_du_sus_epineux1.png\" alt=\"dechirure_du_sus_epineux\" width=\"257\" height=\"168\" \/><\/a><a href=\"https:\/\/www.ortho-info.com\/wp-content\/uploads\/2015\/07\/arthroscan_sus_epineux_rompu1.png\"><img loading=\"lazy\" decoding=\"async\" class=\"alignnone size-full wp-image-561\" src=\"https:\/\/www.ortho-info.com\/wp-content\/uploads\/2015\/07\/arthroscan_sus_epineux_rompu1.png\" alt=\"arthroscan_sus_epineux_rompu\" width=\"200\" height=\"168\" \/><\/a><a href=\"https:\/\/www.ortho-info.com\/wp-content\/uploads\/2015\/07\/coiffe_normale1.png\"><img loading=\"lazy\" decoding=\"async\" class=\"alignnone size-full wp-image-560\" src=\"https:\/\/www.ortho-info.com\/wp-content\/uploads\/2015\/07\/coiffe_normale1.png\" alt=\"coiffe_normale\" width=\"200\" height=\"168\" \/><\/a><\/p>\n<p style=\"text-align: justify;\">Une fois la rupture av\u00e9r\u00e9e, plus on attend, plus la r\u00e9paration chirurgicale est difficile, car le muscle reli\u00e9 \u00e0 ce tendon s&rsquo;atrophie (on parle d&rsquo;involution graisseuse, bien visible \u00e0 l&rsquo;arthroscanner ou \u00e0 l&rsquo;IRM), et devient fragile.<br \/>\nSi les douleurs peuvent petit \u00e0 petit dispara\u00eetre, le tendon ne cicatrise jamais spontan\u00e9ment, et la fonction d\u2019\u00e9l\u00e9vation du bras s\u2019en trouve d\u00e9t\u00e9rior\u00e9e.<br \/>\nA l&rsquo;extr\u00eame, la d\u00e9chirure s&rsquo;\u00e9largit \u00e0 toute la coiffe, et aboutit progressivement \u00e0 l&rsquo;omarthrose, nom donn\u00e9 \u00e0 l&rsquo;arthrose de l&rsquo;\u00e9paule.<br \/>\nL&rsquo;arthroscanner (scanner compl\u00e9t\u00e9 d&rsquo;une injection d&rsquo;iode dans l&rsquo;articulation de l&rsquo;\u00e9paule) est le meilleur examen d\u2019imagerie de ces l\u00e9sions de la coiffe, dont le diagnostic est suspect\u00e9 d\u00e9j\u00e0 cliniquement, par un examen sp\u00e9cifique de l\u2019\u00e9paule.<br \/>\nL&rsquo;\u00e9chographie est un examen simple et rapide de d\u00e9pistage, dont la valeur d&rsquo;interpr\u00e9tation d\u00e9pend exclusivement du radiologue ayant pratiqu\u00e9 l&rsquo;examen, mais ne suffit pas au chirurgien pour la planification op\u00e9ratoire, et son interpr\u00e9tation est souvent approximative.<\/p>\n<p>La r\u00e9paration du tendon d\u00e9chir\u00e9 peut se faire sous arthroscopie ou \u00e0 ciel ouvert.<\/p>\n<h2>R\u00e9paration de la coiffe sous arthroscopie<\/h2>\n<p style=\"text-align: justify;\">C&rsquo;est une technique chirurgicale qui consiste \u00e0 r\u00e9parer les structures anatomiques d\u00e9t\u00e9rior\u00e9es, au plus profond de l&rsquo;\u00e9paule, par mini incisions de 5 \u00e0 10 mm. Le b\u00e9n\u00e9fice pour le patient est la r\u00e9cup\u00e9ration fonctionnelle plus rapide de son \u00e9paule: cette technique \u00e9vite l&rsquo;attelle d&rsquo;\u00e9l\u00e9vation du bras (ou coussin d&rsquo;abduction), substitu\u00e9e par la simple \u00e9charpe, et permet de mobiliser l&rsquo;\u00e9paule passivement d\u00e8s le lendemain de l&rsquo;intervention.<br \/>\nLe chirurgien utilise des instruments sp\u00e9cifiques, et une cam\u00e9ra pour suivre ses gestes sur un \u00e9cran LCD.<\/p>\n<p style=\"text-align: justify;\"><a href=\"https:\/\/www.ortho-info.com\/wp-content\/uploads\/2015\/07\/dessin_arthro_epaule.jpg\"><img loading=\"lazy\" decoding=\"async\" class=\"alignnone size-full wp-image-565\" src=\"https:\/\/www.ortho-info.com\/wp-content\/uploads\/2015\/07\/dessin_arthro_epaule.jpg\" alt=\"dessin_arthro_epaule\" width=\"273\" height=\"202\" \/><\/a><a href=\"https:\/\/www.ortho-info.com\/wp-content\/uploads\/2015\/07\/diapoaccueil_arthroepaule.jpg\"><img loading=\"lazy\" decoding=\"async\" class=\"alignnone size-medium wp-image-564\" src=\"https:\/\/www.ortho-info.com\/wp-content\/uploads\/2015\/07\/diapoaccueil_arthroepaule-300x225.jpg\" alt=\"diapoaccueil_arthroepaule\" width=\"300\" height=\"225\" \/><\/a><a href=\"https:\/\/www.ortho-info.com\/wp-content\/uploads\/2015\/07\/cicatrices_arthroscopie_epaule1.jpg\"><img loading=\"lazy\" decoding=\"async\" class=\"alignnone size-full wp-image-563\" src=\"https:\/\/www.ortho-info.com\/wp-content\/uploads\/2015\/07\/cicatrices_arthroscopie_epaule1.jpg\" alt=\"cicatrices_arthroscopie_epaule\" width=\"240\" height=\"210\" \/><\/a><\/p>\n<p style=\"text-align: justify;\">L\u2019exploration de l\u2019\u00e9paule, et la r\u00e9paration de ses l\u00e9sions anatomiques peut n\u00e9cessiter de deux \u00e0 quatre petites cicatrices, sans que le nombre de celle ci ne soit un crit\u00e8re de gravit\u00e9, ni ne complique les suites postop\u00e9ratoires.<br \/>\nL&rsquo;arthroscopie d\u2019\u00e9paule trouve ses indications dans le traitement :<br \/>\n&#8211; de la tendinite de la coiffe des rotateurs, des douleurs d&rsquo;\u00e9paule d\u2019origine bicipitale<br \/>\n&#8211; le traitement de l&rsquo;\u00e9paule douloureuse chroniques<br \/>\n&#8211; de la r\u00e9paration des tendons rompus de la coiffe des rotateurs<br \/>\n&#8211; de l&rsquo;\u00e9x\u00e9r\u00e8se de calcifications du sus \u00e9pineux<br \/>\n&#8211; le traitement de l\u2019instabilit\u00e9 d\u2019\u00e9paule (luxations r\u00e9cidivantes)<br \/>\nL&rsquo;intervention est r\u00e9alis\u00e9e au bloc op\u00e9ratoire, sous anesth\u00e9sie g\u00e9n\u00e9rale et n\u00e9cessite d\u00e9sormais tout au plus une nuit d&rsquo;hospitalisation.<\/p>\n<p style=\"text-align: justify;\">Elle sera suivie d&rsquo;une auto-r\u00e9\u00e9ducation sp\u00e9cifique de l&rsquo;\u00e9paule faite par le patient lui m\u00eame \u00e0 son domicile suivant le protocole d\u00e9crit dans cette vid\u00e9o :<\/p>\n<p style=\"text-align: justify;\"><iframe loading=\"lazy\" title=\"YouTube video player\" src=\"https:\/\/www.youtube.com\/embed\/cakcTVx3kZE\" width=\"560\" height=\"315\" frameborder=\"0\" allowfullscreen=\"allowfullscreen\"><\/iframe><\/p>\n<p>Le bras est port\u00e9 simplement en \u00e9charpe, qui pourra \u00eatre enlev\u00e9e par le patient pour mobiliser son \u00e9paule (auto-r\u00e9\u00e9ducation), mais il faut \u00e9viter les exercices de force contre r\u00e9sistance pendant deux \u00e0 trois mois post-op\u00e9ratoires.<br \/>\nLa convalescence globale de cette intervention varie de trois \u00e0 six mois selon l&rsquo;intensit\u00e9 des activit\u00e9s professionnelles et l&rsquo;importance de la r\u00e9paration.<\/p>\n<h2>La r\u00e9paration de coiffe \u00e0 ciel ouvert<\/h2>\n<p>Chaque cas est particulier, et il est parfois plus judicieux de r\u00e9parer les tendons cass\u00e9s \u00e0 ciel ouvert, par une cicatrice de 5 cm en avant de l&rsquo;\u00e9paule. Les suites de cette intervention sont alors identiques \u00e0 une r\u00e9paration sous arthroscopie:<\/p>\n<ul>\n<li>convalescence , auto r\u00e9\u00e9ducation et r\u00e9\u00e9ducation en cabinet de kin\u00e9 identique<\/li>\n<li>cicatrisation de la coiffe dans les m\u00eames d\u00e9lais<\/li>\n<li>dur\u00e9e d&rsquo;arr\u00eat de travail identique<\/li>\n<li>reprise des activit\u00e9s et des sports \u00e0 l&rsquo;identique d&rsquo;une chirurgie sous arthroscopie<\/li>\n<\/ul>\n<p>D&rsquo;ailleurs \u00e0 l&rsquo;heure actuelle de nos connaissances et en revoyant toutes les communications scientifiques publi\u00e9es, on n&rsquo;a pas apport\u00e9 la preuve d&rsquo;une sup\u00e9riorit\u00e9 d&rsquo;une technique par rapport \u00e0 une autre.<\/p>\n<h2>le principe de la r\u00e9paration du sus \u00e9pineux en images de synth\u00e8se<\/h2>\n<p><iframe loading=\"lazy\" title=\"YouTube video player\" src=\"https:\/\/www.youtube.com\/embed\/KNKtouAh0-U\" width=\"560\" height=\"315\" frameborder=\"0\" allowfullscreen=\"allowfullscreen\"><\/iframe><\/p>\n<h2>Une vid\u00e9o op\u00e9ratoire d&rsquo;une r\u00e9paration du sus \u00e9pineux<\/h2>\n<p><iframe loading=\"lazy\" src=\"https:\/\/www.youtube.com\/embed\/ZqXJdOCO6wo?rel=0\" width=\"640\" height=\"360\" frameborder=\"0\" allowfullscreen=\"allowfullscreen\"><\/iframe><\/p>\n<div><\/div>\n<h1>Les complications<\/h1>\n<p style=\"text-align: justify;\">Les complications sp\u00e9cifiques de la chirurgie\u00a0 de la r\u00e9paration de la coiffe des rotateurs sont:<br \/>\n&#8211; principalement le risque de rupture it\u00e9rative, qui existe autant pour la chirurgie \u00ab\u00a0a ciel ouvert\u00a0\u00bb qu&rsquo;arthroscopique, et qui varie suivant les s\u00e9ries de la litt\u00e9rature entre 25 et 50% de rupture it\u00e9rative \u00e0 5 ans! Il faut savoir que m\u00eame en cas de rupture r\u00e9cidivante, le geste chirurgical aura grandement am\u00e9lior\u00e9 la fonction et les douleurs, notamment par le traitement de la composante douloureuse bicipitale, et l&rsquo;acromioplastie. Parfois, la rupture it\u00e9rative invalidante n\u00e9cessitera une r\u00e9-intervention, soit par arthroscopie, soit conventionnelle.<br \/>\n&#8211; l&rsquo;algodystrophie, d\u00e9sormais appel\u00e9e \u00ab\u00a0syndrome r\u00e9gional douloureux complexe de type II\u00a0\u00bb, qui est possible comme pour toute chirurgie des membres. Son explication est complexe, plus fr\u00e9quente sur un terrain anxio-d\u00e9pressif ou en contexte chirurgical p\u00e9joratif (implication socio-professionnelle notamment, type \u00ab\u00a0maladie professionnelle\u00a0\u00bb ou \u00ab\u00a0accident du travail\u00a0\u00bb). Son traitement est long, et n\u00e9c\u00e9ssitera une consultation de sp\u00e9cialiste de la douleur: l&rsquo;algologue. L&rsquo;algodystrophie gu\u00e9rit toujours, et peut parfois laisser des s\u00e9quelles de type raideur articulaire.<br \/>\n&#8211; le risque de raideur fonctionnelle de l&rsquo;\u00e9paule, en cas de mauvaise r\u00e9\u00e9ducation post op\u00e9ratoire, surtout si le patient garde son bras immobilis\u00e9 trop longtemps. M\u00eame si le geste proc\u00e8de \u00e0 une r\u00e9paration \u00ab\u00a0fragile\u00a0\u00bb des tendons, il faut bouger l&rsquo;\u00e9paule en passif imm\u00e9diatement en post-op\u00e9ratoire pour \u00e9viter la raideur fonctionnelle de l&rsquo;\u00e9paule. La r\u00e9\u00e9ducation est tr\u00e8s sp\u00e9cifique, il faudra toujours suivre les consignes de l&rsquo;ordonnance de sortie. les mouvements actifs du bras contre pesanteur seront d\u00e9but\u00e9s au deuxi\u00e8me mois post-op\u00e9ratoire, le travail conter r\u00e9sistance \u00e0 partir du troisi\u00e8me mois.<br \/>\n&#8211; le risque infectieux existe comme pour toute chirurgie. Il est tr\u00e8s rare car l&rsquo;op\u00e9ration sous arthroscopie se fait dans un circuit d&rsquo;eau continu; si infection il y a elle sera sans gravit\u00e9, car il n&rsquo;y a pas de geste osseux ni de pose de mat\u00e9riel inerte.<\/p>\n<p style=\"text-align: justify;\">Les complications g\u00e9n\u00e9rales de la chirurgie sont exhaustivement d\u00e9taill\u00e9es au chapitre <a href=\"file:\/\/\/C:\/Users\/mallet\/Documents\/site%20web%20bougersansdouleur\/bougersansdouleur%202.0\/complications.php\">complications<\/a>.<\/p>\n<h1>R\u00e9f\u00e9rences Bibliographiques &amp; Liens Externes<\/h1>\n<div id=\"biblio\">\n<p><span style=\"font-family: Verdana; font-size: small;\"><strong>BARBER FA DECK MA.<\/strong> The in-vivo histology of an absorbable suture anchor : a preliminary report. Arthroscopy 11 :77-81 ; 1995.<\/span><\/p>\n<p><span style=\"font-family: Verdana; font-size: small;\"><strong>BURKHART SS, <\/strong>The Deadman theory of suture anchors : observations along a south texas fence line. Arthroscopy, 11 : 119-123, 1995.<\/span><\/p>\n<p><span style=\"font-family: Verdana; font-size: small;\"><strong>ELLMAN H KAY SP WIRTH M. <\/strong>Arthroscopic treatment of full thickness rotator cuff tears : 2 to 7 year follow-up study. Arthroscopy, 9 : 195-200, 1993.<\/span><\/p>\n<p><span style=\"font-family: Verdana; font-size: small;\"><strong>GARTSMAN GM KHAAN M HAMMERMAN SM.<\/strong> Arthroscopic repair of full-thickness tears of the rotator cuff. J Bone J Surg, 80A : 832-40, 1998.<\/span><\/p>\n<p><span style=\"font-family: Verdana; font-size: small;\"><strong>GARTSMAN GM<\/strong> : Arthroscopic acromioplasty for lesions of the rotator cuff. JBJS Am 72 : 169, 1990.<\/span><\/p>\n<p><span style=\"font-family: Verdana; font-size: small;\"><strong>GAZIELLY DF, GLEYZE P, MONTAGNON C, et al<\/strong> : arthroscopic repair of distal supraspinatus tears with Revo screw and permanent mattress sutures : a preliminary reports. Presented at the 12<sup>th<\/sup> Annual American Shoulder and Elbow Surgeons Meeting Santa Fe, NM, June, 1996.<\/span><\/p>\n<p><span style=\"font-family: Verdana; font-size: small;\"><strong>GERBER C SCHNEEBERGER AG BECK M.<\/strong> Mechanical strength of repairs of the rotator cuff. J Bone J Surg 76B : 371-380, 1994.<\/span><\/p>\n<p><span style=\"font-family: Verdana; font-size: small;\"><strong>GLEYZE P. THOMAZEAU H. FLURIN P.H. LAFOSSE L. GAZIELLY D.F. ALLARD M.<\/strong> et la soci\u00e9t\u00e9 Fran\u00e7aise d&rsquo;arthroscopie. <\/span><span style=\"font-family: Verdana; font-size: small;\">R\u00e9paration endoscopique des ruptures de la coiffe des rotateurs. <\/span><span style=\"font-family: Verdana; font-size: small;\">Revue de chirurgie orthop\u00e9dique, 86, 566-574 ;2000.<\/span><\/p>\n<p><span style=\"font-family: Verdana; font-size: small;\"><strong>KEMPF JF BONNOMET F WALCH G MOLE D FRANK A BEAUFILS P LEVIGNE C RIO B JAFFE A.<\/strong> A multicenter study of 210 rotator cuff tears treated by arthroscoic acromioplasty. Arthroscopy, 15 <sup>(1)<\/sup> 56-66, 1999.<\/span><\/p>\n<p><span style=\"font-family: Verdana; font-size: small;\"><strong>LEVY HJ , URIBE JW, DELANEY LG<\/strong> : Arthroscopic assisted rotator cuff repair : preliminary results. Arthroscopy, 6, 55-60, 1990.<\/span><\/p>\n<p><span style=\"font-family: Verdana; font-size: small;\"><strong>LIU SH , BAKER CL <\/strong>: Arthroscopically assisted rotator cuff repair :correlation of functional results with integrity of the cuff. Arthroscopy, 10 : 54-60, 1994.<\/span><\/p>\n<p><span style=\"font-family: Verdana; font-size: small;\"><strong>MILLER C, SAVOIE FH <\/strong>: Glenohumeral abnormalities associated with full-thickness tears of the rotator cuff. Orthop Rev 21 : 116-120, 1994.<\/span><\/p>\n<p><span style=\"font-family: Verdana; font-size: small;\"><strong>NEER CS II , FLATOW EL, LECH O<\/strong> : Tears of the rotator cuff : long term results of anterior acromioplasty and repair. Orthop Trans 12 : 735, 1988.<\/span><\/p>\n<p><span style=\"font-family: Verdana; font-size: small;\"><strong>NORBERG FB, FIELD LD, SAVOIE FH3rd<\/strong> : Repair of the rotator cuff. Mini open and arthroscopic repair. Clin Sports Med 19 : 77-99, 2000.<\/span><\/p>\n<p><span style=\"font-family: Verdana; font-size: small;\"><strong>OGILVIE-HARRIS DJ DEMAZIERE A.<\/strong> Arthroscopic debridement versus open repair for rotator cuff tears 1 to 4 cm in size : a prospective cohort study. J Bone J Surg 75B, : 416-420, 1993.<\/span><\/p>\n<p><span style=\"font-family: Verdana; font-size: small;\"><strong>OLSEWSKI JM DEPUY AD. <\/strong>Arthroscopic subacromial decompression and rotator cuff debridement for stage II and III impigement. Arthroscopy, 10 :61-68, 1994.<\/span><\/p>\n<p><span style=\"font-family: Verdana; font-size: small;\"><strong>PAULOS LE, KODY MH <\/strong>: Arthroscopically enhanced \u00abminiapproach\u00bb to rotator cuff repair. Am J Sports Med, 22 : 19-25, 1994.<\/span><\/p>\n<p><span style=\"font-family: Verdana; font-size: small;\"><strong>REED SC, GLOSSOP N, OGILVIE-HARRIS DJ<\/strong> : Full thickness rotator cuff tears\/ a biomechanical comparison of suture vs bone anchor techniques. Am J Sports Med 24 : 46-48, 1996.<\/span><\/p>\n<p><span style=\"font-family: Verdana; font-size: small;\"><strong>SNYDER SJ, BACHNER EJ <\/strong>: arthroscopic fixation of rotator cuff tears with miniature screw anchors and permanent mattress sutures : a preliminary report. Presented at the American Shoulder and Elbow Surgeons Annual Meeting, Williamsburg, Va, October 30, 1993.<\/span><\/p>\n<p><span style=\"font-family: Verdana; font-size: small;\"><strong>SNYDER SJ.<\/strong> Technique of arthroscopic rotator cuff repair using implantatble 4 mm revo suture shuttle relays, and N\u00b02 non absorbable mattress sutures. Orthop Clinic North Am, 28 : 267-274, 1997.<\/span><\/p>\n<p><span style=\"font-family: Verdana; font-size: small;\"><strong>STOLLSTEIMER GT, SAVOIE FH. <\/strong>Arthroscopic rotator cuff repair : current indications, limitations, tyechniques, and results. Instructional course lectures. 47 :59-65 , 1998.<\/span><\/p>\n<p><span style=\"font-family: Verdana; font-size: small;\"><strong>TAURO JC <\/strong>Arthroscopic rotator cuff repair : analysis of technique and results at 2 and 3 years follow-up. Arthroscopy, 14 : 45-51, 1998.<\/span><\/p>\n<p><span style=\"font-family: Verdana; font-size: small;\"><strong>WARNER JJP, GOITZ RJ<\/strong>, Arthroscopic-assisted rotator cuff repair : patient selection and treatment outcome. J Shoulder Elbow Surg , 6 : 463-72, 1997.<\/span><\/p>\n<p><strong><span style=\"font-family: Verdana; font-size: small;\">ZVIJAC JE LEVY HJ LEMAK LJ<\/span><\/strong><span style=\"font-family: Verdana; font-size: small;\">. Arthroscopic subacromial decompression in the treatment of full thickness rotator cuff tears : a 3 to 6 years follow-up study. Arthroscopy, 10 : 518-523, 1994.<\/span><\/p>\n<\/div>\n<\/div>\n<div id=\"piedpage\"><!--?php include 'piedepage.html';?--><\/div>\n","protected":false},"excerpt":{"rendered":"<p>Qu&rsquo;est ce que la rupture de coiffe des rotateurs ? Chacun des tendons de la coiffe (dans 70% des cas le sus \u00e9pineux), peut pr\u00e9senter des signes d&rsquo;usure (par frottement contre l&rsquo;acromion), suite \u00e0 des mouvements r\u00e9p\u00e9t\u00e9s (sportifs, loisirs, professionnels). A l&rsquo;extr\u00eame, cette usure aboutit \u00e0 une rupture de coiffe, c&rsquo;est \u00e0 dire une d\u00e9sinsertion &#8230; <a title=\"rupture de coiffe\" class=\"read-more\" href=\"https:\/\/www.ortho-info.com\/?page_id=221\" aria-label=\"En savoir plus sur rupture de coiffe\">Lire la suite<\/a><\/p>\n","protected":false},"author":1,"featured_media":0,"parent":38,"menu_order":0,"comment_status":"closed","ping_status":"open","template":"","meta":{"footnotes":""},"class_list":["post-221","page","type-page","status-publish"],"_links":{"self":[{"href":"https:\/\/www.ortho-info.com\/index.php?rest_route=\/wp\/v2\/pages\/221","targetHints":{"allow":["GET"]}}],"collection":[{"href":"https:\/\/www.ortho-info.com\/index.php?rest_route=\/wp\/v2\/pages"}],"about":[{"href":"https:\/\/www.ortho-info.com\/index.php?rest_route=\/wp\/v2\/types\/page"}],"author":[{"embeddable":true,"href":"https:\/\/www.ortho-info.com\/index.php?rest_route=\/wp\/v2\/users\/1"}],"replies":[{"embeddable":true,"href":"https:\/\/www.ortho-info.com\/index.php?rest_route=%2Fwp%2Fv2%2Fcomments&post=221"}],"version-history":[{"count":25,"href":"https:\/\/www.ortho-info.com\/index.php?rest_route=\/wp\/v2\/pages\/221\/revisions"}],"predecessor-version":[{"id":1259,"href":"https:\/\/www.ortho-info.com\/index.php?rest_route=\/wp\/v2\/pages\/221\/revisions\/1259"}],"up":[{"embeddable":true,"href":"https:\/\/www.ortho-info.com\/index.php?rest_route=\/wp\/v2\/pages\/38"}],"wp:attachment":[{"href":"https:\/\/www.ortho-info.com\/index.php?rest_route=%2Fwp%2Fv2%2Fmedia&parent=221"}],"curies":[{"name":"wp","href":"https:\/\/api.w.org\/{rel}","templated":true}]}}