{"id":1407,"date":"2023-04-23T12:56:43","date_gmt":"2023-04-23T11:56:43","guid":{"rendered":"https:\/\/www.ortho-info.com\/?page_id=1407"},"modified":"2023-09-25T11:50:48","modified_gmt":"2023-09-25T10:50:48","slug":"chirurgie-arthroscopique-de-lepaule","status":"publish","type":"page","link":"https:\/\/www.ortho-info.com\/?page_id=1407","title":{"rendered":"chirurgie arthroscopique de l&rsquo;\u00e9paule"},"content":{"rendered":"<p>La chirurgie arthroscopique de l&rsquo;\u00e9paule est une des options chirurgicales de traitement des douleurs de l&rsquo;\u00e9paule. Elle consiste \u00e0 r\u00e9parer les d\u00e9sordres articulaires et tendineux de l&rsquo;\u00e9paule (notamment de la coiffe des rotateurs), \u00e0 l&rsquo;aide de 3 \u00e0 4 petites incisions de 5 mm et d&rsquo;instruments chirurgicaux et d&rsquo;implants sp\u00e9cialis\u00e9s. Sans avoir consult\u00e9 un chirurgien sp\u00e9cialiste de l&rsquo;\u00e9paule, il vous est impossible en lisant ces lignes de savoir si ce sera le bon traitement pour vous, car en effet toutes les douleurs de l&rsquo;\u00e9paule se ressemblent, et correspondent pourtant \u00e0 une multitude de pathologies diff\u00e9rentes qui ont toutes un traitement sp\u00e9cifique.<\/p>\n<p>Vous donner un cours condens\u00e9 des pathologies et traitements des d\u00e9sordres ost\u00e9o-articulaires de l&rsquo;\u00e9paule n&rsquo;a aucun sens, car il faut avant tout faire un diagnostic, qui n&rsquo;est possible que par un examen clinique approfondi associ\u00e9 \u00e0 l&rsquo;analyse de vos examens d&rsquo;imagerie m\u00e9dicale (IRM notamment). Seul un chirurgien sp\u00e9cialis\u00e9 en chirurgie de l&rsquo;\u00e9paule sera \u00e0 m\u00eame de faire ce diagnostic et de vous expliquer le traitement adapt\u00e9.<\/p>\n<p>La plupart des pathologies de l&rsquo;\u00e9paule que je suis amen\u00e9 \u00e0 prendre en charge sont expliqu\u00e9es dans l&rsquo;e-book gratuit que je mets \u00e0 votre disposition dans le lien ci-dessous.<\/p>\n<p>Dans la plupart des cas l&rsquo;intervention et ses suites se d\u00e9rouleront de la mani\u00e8re suivante:<\/p>\n<ul>\n<li>hospitalisation ambulatoire dans tous les cas, vous sortirez pour retourner \u00e0 votre domicile d\u00e8s l&rsquo;apr\u00e8s midi de votre intervention;<\/li>\n<li>immobilisation de l&rsquo;\u00e9paule op\u00e9r\u00e9e de z\u00e9ro \u00e0 30 jours maximum, par une simple \u00e9charpe, suivant la situation: certaines interventions ne n\u00e9cessitent strictement aucune immobilisation;<\/li>\n<li>aucun s\u00e9jour en centre de r\u00e9\u00e9ducation n&rsquo;est utile;<\/li>\n<li>pas de r\u00e9\u00e9ducation en cabinet de kin\u00e9;<\/li>\n<li>vous ferez vous m\u00eame votre r\u00e9\u00e9ducation chez vous, \u00e0 votre rythme, en suivant les consignes que je vous aurais expliqu\u00e9 en consultations;<\/li>\n<li>je reste personnellement joignable \u00e0 tout moment apr\u00e8s l\u2019op\u00e9ration, y compris le soir et les week end par mail pour r\u00e9pondre \u00e0 vos interrogations;<\/li>\n<li>conduite automobile possible d\u00e8s 0 \u00e0 40 jours post op\u00e9ratoire, en fonction de la pathologie trait\u00e9e;<\/li>\n<li>reprise du travail de 20 jours \u00e0 6 mois, en fonction de la pathologie trait\u00e9e et de la profession exerc\u00e9e;<\/li>\n<li>reprise possible d&rsquo;une multitude de sports, activit\u00e9s de loisir et professionnelles;<\/li>\n<\/ul>\n<p style=\"text-align: right;\"><em>Dr Jean-Louis MALLET<\/em><\/p>\n<p style=\"text-align: center;\"><span style=\"color: #ff0000;\"><strong><a href=\"https:\/\/www.ortho-info.com\/wp-content\/uploads\/2023\/09\/livret_epaule_online_edition.pdf\" target=\"_blank\" rel=\"noopener noreferrer\">cliquez ICI pour t\u00e9l\u00e9charger mon<br \/>\ne-book gratuit sur la chirurgie de l&rsquo;\u00e9paule<\/a><\/strong><\/span><\/p>\n<p style=\"text-align: center;\">Prenez rendez-vous par t\u00e9l\u00e9phone :<br \/>\n<span style=\"color: #ff0000;\"><a href=\"tel:0490513146\"><strong>04 90 51 31 46<\/strong><\/a><\/span><br \/>\nconsultations \u00e0 Orange<br \/>\net \u00e0 Bagnols-sur-C\u00e8ze<\/p>\n<p style=\"text-align: center;\"><iframe loading=\"lazy\" src=\"https:\/\/www.youtube.com\/embed\/1VLkcm8qmwA\" title=\"YouTube video player\" allow=\"accelerometer; autoplay; clipboard-write; encrypted-media; gyroscope; picture-in-picture; web-share\" allowfullscreen=\"\" width=\"560\" height=\"315\" frameborder=\"0\"><\/iframe><\/p>\n","protected":false},"excerpt":{"rendered":"<p>La chirurgie arthroscopique de l&rsquo;\u00e9paule est une des options chirurgicales de traitement des douleurs de l&rsquo;\u00e9paule. Elle consiste \u00e0 r\u00e9parer les d\u00e9sordres articulaires et tendineux de l&rsquo;\u00e9paule (notamment de la coiffe des rotateurs), \u00e0 l&rsquo;aide de 3 \u00e0 4 petites incisions de 5 mm et d&rsquo;instruments chirurgicaux et d&rsquo;implants sp\u00e9cialis\u00e9s. Sans avoir consult\u00e9 un chirurgien &#8230; <a title=\"chirurgie arthroscopique de l&rsquo;\u00e9paule\" class=\"read-more\" href=\"https:\/\/www.ortho-info.com\/?page_id=1407\" aria-label=\"En savoir plus sur chirurgie arthroscopique de l&rsquo;\u00e9paule\">Lire la suite<\/a><\/p>\n","protected":false},"author":1,"featured_media":0,"parent":0,"menu_order":0,"comment_status":"closed","ping_status":"closed","template":"","meta":{"footnotes":""},"class_list":["post-1407","page","type-page","status-publish"],"_links":{"self":[{"href":"https:\/\/www.ortho-info.com\/index.php?rest_route=\/wp\/v2\/pages\/1407","targetHints":{"allow":["GET"]}}],"collection":[{"href":"https:\/\/www.ortho-info.com\/index.php?rest_route=\/wp\/v2\/pages"}],"about":[{"href":"https:\/\/www.ortho-info.com\/index.php?rest_route=\/wp\/v2\/types\/page"}],"author":[{"embeddable":true,"href":"https:\/\/www.ortho-info.com\/index.php?rest_route=\/wp\/v2\/users\/1"}],"replies":[{"embeddable":true,"href":"https:\/\/www.ortho-info.com\/index.php?rest_route=%2Fwp%2Fv2%2Fcomments&post=1407"}],"version-history":[{"count":13,"href":"https:\/\/www.ortho-info.com\/index.php?rest_route=\/wp\/v2\/pages\/1407\/revisions"}],"predecessor-version":[{"id":1609,"href":"https:\/\/www.ortho-info.com\/index.php?rest_route=\/wp\/v2\/pages\/1407\/revisions\/1609"}],"wp:attachment":[{"href":"https:\/\/www.ortho-info.com\/index.php?rest_route=%2Fwp%2Fv2%2Fmedia&parent=1407"}],"curies":[{"name":"wp","href":"https:\/\/api.w.org\/{rel}","templated":true}]}}